- -4. Let r(n) = -n**2 + 8*n - 6. Let g be r(p). What is the greatest common divisor of 27 and g?
9
Suppose 3*r + 44 = 4*r. Calculate the greatest common factor of r and 11.
11
Suppose -27 = 4*k - 3*k. Let m = k - -40. What is the highest common divisor of 13 and m?
13
Suppose -j + 4 = j. Suppose -4*s + 3*b = -137, -j*b - 38 = -0*s - s. Suppose -1 - 3 = -z. What is the greatest common divisor of s and z?
4
Suppose 148 = 4*w + 4*o, 0 = w + w - o - 62. Calculate the highest common divisor of 3 and w.
3
Let m(x) = x**3 - 7*x**2 + 8*x. Let f be m(6). Calculate the greatest common divisor of f and 132.
12
Let h = 21 + 17. What is the highest common divisor of h and 95?
19
Suppose -5*a = -0*a - 3*w + 127, 0 = a + 3*w + 11. Let p be 0 - 2 - a - -3. What is the highest common factor of 8 and p?
8
Let v(s) = -s**3 + 3*s + 2. Let r(p) = p + 1. Let q be r(-3). Let j be v(q). Let x be (-4)/(-6) - 92/(-6). Calculate the greatest common factor of j and x.
4
Suppose -m - 90 = -k - 6*m, 0 = 2*m + 6. Suppose -c = 2*c - k. What is the greatest common factor of c and 7?
7
Suppose -396 = -6*d - 5*d. Calculate the highest common divisor of 24 and d.
12
Let t(g) = 12*g**2 + 4*g**2 + 2*g - 3*g**2 + 1 + 0*g**2. Let d be t(-1). Suppose 2*k + 25 = 121. What is the highest common divisor of d and k?
12
Suppose 2*t - 7 = 1. Let q be (6/4)/(t/72). Calculate the highest common divisor of 135 and q.
27
Let x be -3*-2*3/(-18). Let b be x + (-22)/(2 + -4). Suppose -5*q = -4*g - 554, 0 = -3*g - 3. Calculate the greatest common divisor of q and b.
10
Suppose 4*r - 2*c = 29 - 3, 0 = 4*c + 12. Calculate the greatest common factor of r and 35.
5
Let j = -63 - -67. Calculate the greatest common divisor of 1 and j.
1
Let x(b) = -7*b**3 + 8*b**2 + 3*b + 3. Let q be x(-2). Suppose 5*v + 7*h - 90 = 2*h, 2*v = -5*h + 39. Calculate the greatest common divisor of v and q.
17
Let c = 47 + 32. Let a = 68 + -37. Suppose -c = -4*s - a. What is the greatest common divisor of s and 48?
12
Let q be 3/(12/4) - -2. Let b be 12/((-12)/q) - -6. Suppose -3*n - 3*c = -99, -2*n - 6*c = -c - 66. Calculate the greatest common factor of n and b.
3
Let a = 10 + -8. Suppose -y = -a*y + 13. What is the highest common divisor of 13 and y?
13
Let t = -100 + 137. Calculate the highest common divisor of t and 185.
37
Let u = -11 + 9. Let c(a) = 3*a**2 - 2*a. Let f be c(u). What is the greatest common divisor of f and 16?
16
Suppose 3*m - 1131 = -5*a - 0*m, 0 = -3*a - 4*m + 683. What is the highest common factor of a and 25?
25
Suppose -3*z + 3*n + 174 = 0, -159 = -3*z - 0*z - 2*n. Let m = z + -37. What is the highest common divisor of 27 and m?
9
Suppose 2*y - u - 30 = -0*u, 24 = y - 5*u. Calculate the greatest common divisor of 14 and y.
14
Suppose -7*j = -2*j - 5, -4*z - j = -69. Calculate the highest common factor of 17 and z.
17
Let h = -50 - -89. Calculate the highest common factor of 195 and h.
39
Let k = -3 + 9. Let z be 178/k + (-3)/(-9). Let a be 5/((-6)/(-4) - 1). What is the highest common divisor of a and z?
10
Let v(s) = 2*s + 20. Let k be v(-4). What is the greatest common divisor of k and 8?
4
Let x(m) = -6*m + 1. Let n be x(-3). Suppose n + 21 = 5*d. Suppose 0 = 4*w - 47 - 17. What is the highest common divisor of d and w?
8
Let r(v) = 5*v + 4 + v - 4*v. Let i(n) = -n**3 - 9*n**2 + 6. Let q be i(-9). Let p be r(q). Calculate the highest common divisor of p and 80.
16
Suppose -37 + 5 = -x. Suppose -2*j - 4*s = -24, -5*s + 23 = -4*j + 6. Suppose x + 76 = j*f. Calculate the highest common divisor of f and 36.
18
Let z = 18 + -6. Suppose 4*a - z + 0 = 0. What is the highest common divisor of a and 3?
3
Suppose -9 = -3*w - k + 5, -w = -5*k + 6. Let o be ((-96)/(-15))/w*25. What is the greatest common divisor of 8 and o?
8
Let b = 283 - 123. Calculate the greatest common divisor of 32 and b.
32
Suppose -4*v = -3*v - 42. Let o = v - 24. What is the greatest common factor of o and 18?
18
Suppose 3*l + 38 = 4*a, 0*a - 22 = -3*a - l. Suppose -2 + a = o. Calculate the greatest common divisor of 30 and o.
6
Let d be (1 + 1)*(-6)/4. Let b be ((-36)/15)/(d/20). What is the greatest common divisor of 112 and b?
16
Let k be 18 - (2 - (-1 + 4)). Let m be 2/3 + k/3. Calculate the greatest common divisor of m and 14.
7
Suppose -1 = -w + 4*b + 8, -4*w + 4*b + 36 = 0. Calculate the highest common divisor of 72 and w.
9
Let t = -147 + 161. Let u(x) = -x**3 - 2*x**2 + 5*x + 6. Let b be u(-5). What is the highest common divisor of t and b?
14
Suppose 4 + 5 = 9*t. Calculate the greatest common divisor of 3 and t.
1
Let j(c) = 2*c**2 - 7*c - 10. Let r be j(6). Calculate the highest common factor of 10 and r.
10
Let y = 85 + -58. Calculate the greatest common factor of y and 54.
27
Suppose y - 8 = -3*y. Let p(c) = -3*c**2 - 1. Let k be p(y). Let w = k - -22. Calculate the greatest common factor of w and 27.
9
Let z(n) = n**3 + 13*n**2 - 21*n - 18. Let y be z(-14). Suppose 2*q - 38 = -6. What is the highest common divisor of q and y?
16
Let l be 8 + 3/(-3) + 0. What is the greatest common divisor of l and 1?
1
Let t be (-1)/(2/(4*-1)). Suppose t*g = 30 - 10. Let j be (-105)/(-14)*4/6. Calculate the highest common divisor of g and j.
5
Suppose -o + 4 = -16. Suppose i = 4*q - 20, i = 4*i + 12. What is the greatest common divisor of q and o?
4
Let v(n) = n + 2. Let w be v(4). Suppose d = 8 + w. Calculate the greatest common divisor of 35 and d.
7
Let l(y) be the second derivative of y**5/20 + y**4/3 + 2*y**3/3 - 3*y. Let f be l(-3). Let c be (-14)/f - 4/6. What is the greatest common factor of c and 32?
4
Suppose -2*b = -f - 28, -2*b + 3*f + 52 = 2*b. Let x(k) = 2*k**2. Let u be x(-1). What is the greatest common divisor of u and b?
2
Suppose 21 = c - 15. Suppose 0 = -b - 2*b - 4*j + 38, -3*b + 74 = -5*j. Calculate the highest common factor of c and b.
18
Let a = 156 - 72. Let f be (4/10 + 0)*30. Calculate the greatest common factor of a and f.
12
Let z(k) be the second derivative of 6*k**4 + k**3/6 + k**2/2 + 4*k. Let g be z(-1). What is the highest common divisor of 9 and g?
9
Suppose -4 = -2*l - 0*l. What is the greatest common divisor of l and 2?
2
Let i(m) = m**2 + 2*m - 3. Let r be i(2). Suppose r*g - 335 = -35. Let h be 36/30*(-100)/(-3). Calculate the greatest common divisor of g and h.
20
Let a be 33 - (0 - 0) - 2. Suppose -7 + a = -3*f. Let h be (-400)/(-22) + f/44. What is the highest common factor of h and 18?
18
Let n(i) = -i**3 - 4*i**2 + 9*i + 3. Let d be n(-6). Suppose -d + 6 = -a. What is the highest common factor of 5 and a?
5
Let t(n) = 7*n**2 - 8*n - 7. Let s be t(-5). Suppose 0 = 3*y + 2*v - 78, -4*y + 2*v = v - 104. What is the greatest common factor of y and s?
26
Suppose 2*r - 184 = -3*z - 2*r, -118 = -2*z + 2*r. What is the greatest common factor of 15 and z?
15
Suppose -234 + 3 = -3*o. What is the highest common factor of o and 11?
11
Suppose -t - 4*t + 700 = 0. Calculate the greatest common factor of 28 and t.
28
Suppose 2*j = -2*j. Suppose j*d = -d + 12. What is the greatest common divisor of 8 and d?
4
Let o(z) = z**2 + 6*z - 19. Let g be o(3). What is the greatest common divisor of g and 16?
8
Let k(f) = -7*f + 40. Let a be k(4). Calculate the greatest common divisor of 54 and a.
6
Suppose y + 19 = 4*y - 5*k, -5*k = 4*y - 72. Suppose 8*a - 154 = 366. What is the greatest common divisor of a and y?
13
Let q = -25 + -209. Let m be q/4 - (-4)/8. Let d = -28 - m. Calculate the greatest common factor of d and 6.
6
Let x = -23 + 55. Suppose m = x - 8. Suppose 4*t - m - 4 = 0. Calculate the greatest common factor of t and 1.
1
Let d be ((41 - 2) + -3)*1. What is the greatest common factor of d and 4?
4
Suppose -2*k - k + 27 = 0. Let l(a) = 12*a**2 + 2*a**3 + 2*a**3 + k*a - 3*a**3 - 10. Let x be l(-11). What is the greatest common divisor of x and 12?
12
Let p = 43 + -19. Let a = 48 + -24. Suppose 0*t + a = 3*t. Calculate the greatest common factor of p and t.
8
Let b = 27 + -12. What is the greatest common factor of 75 and b?
15
Let f(t) = -t**3 + 7*t**2 + 2*t. Let g be f(6). Suppose 5*b - 5*h - 100 = 0, 2*b = -2*b - 2*h + 56. Calculate the greatest common divisor of b and g.
16
Suppose 118 = -5*k + 1053. Suppose 3*c - 34 = c. What is the highest common factor of k and c?
17
Let s(p) = -6*p + 2. Let